85656066 a multiple of 10?
False
Does 115 divide 144440?
True
Is 81321098 a multiple of 133?
False
Is 2645030985 a multiple of 1168?
False
Is 66 a factor of 14629296?
True
Does 50 divide 693376050?
True
Is 1288 a factor of 49997584?
True
Does 7 divide 104409802?
True
Does 37 divide 19374236?
True
Is 60423030 a multiple of 135?
True
Is 15 a factor of 374649219?
False
Does 1071 divide 166957119?
True
Is 4638877 a multiple of 482?
False
Is 75286235 a multiple of 265?
True
Is 13759625 a multiple of 7?
False
Is 17 a factor of 148027670?
True
Does 1387 divide 222710590?
True
Does 278 divide 10948869?
False
Is 92549515 a multiple of 88?
False
Is 145 a factor of 5533925?
True
Does 89 divide 430486503?
True
Is 19066575 a multiple of 275?
True
Is 16 a factor of 291859697?
False
Does 9284 divide 1360115284?
True
Is 19 a factor of 18797498?
True
Is 1548 a factor of 307962427?
False
Does 3031 divide 16401356?
False
Is 196 a factor of 114332278?
False
Is 82314050 a multiple of 50?
True
Is 55519619 a multiple of 87?
False
Does 493 divide 84252714?
True
Is 229838301 a multiple of 231?
True
Is 197 a factor of 42959872?
False
Is 90 a factor of 1349280?
True
Is 317 a factor of 21276723?
True
Does 13 divide 103508574?
True
Is 5 a factor of 3587375?
True
Is 16 a factor of 202832959?
False
Does 53 divide 636523035?
False
Is 86 a factor of 1603984108?
True
Does 1768 divide 81047637?
False
Is 1453 a factor of 1737401502?
True
Does 490 divide 18393503?
False
Is 2841824187 a multiple of 1413?
True
Does 54 divide 2135808?
True
Is 52643617 a multiple of 26?
False
Is 3 a factor of 278738153?
False
Is 14 a factor of 2858599912?
True
Does 59 divide 49643293?
False
Is 22621199 a multiple of 1323?
False
Is 84700271 a multiple of 26?
False
Is 46256716 a multiple of 461?
False
Is 6 a factor of 10396102?
False
Is 44953652 a multiple of 16?
False
Is 103 a factor of 53664179?
False
Does 60 divide 12974516?
False
Is 89509584 a multiple of 24?
True
Is 176835088 a multiple of 71?
False
Does 2855 divide 102031990?
True
Is 1677423469 a multiple of 428?
False
Does 82 divide 14368277?
False
Does 101 divide 33128202?
True
Is 30 a factor of 42769892?
False
Does 10 divide 8251930?
True
Is 208 a factor of 19297103?
False
Is 955483775 a multiple of 211?
False
Does 63 divide 1367104599?
True
Is 247778355 a multiple of 363?
True
Does 1745 divide 3628015818?
False
Is 38 a factor of 664670844?
True
Is 11 a factor of 959300631?
False
Is 199185245 a multiple of 215?
True
Does 92 divide 1210390162?
False
Does 14 divide 301111257?
False
Does 793 divide 5489388338?
False
Is 18152361 a multiple of 26?
False
Is 30 a factor of 19573176?
False
Is 20 a factor of 4256901570?
False
Does 6 divide 2804828516?
False
Is 12 a factor of 453090727?
False
Is 324443346 a multiple of 1835?
False
Is 115560577 a multiple of 227?
False
Is 27 a factor of 45527200?
False
Is 1413 a factor of 48099933?
True
Is 31 a factor of 218187641?
True
Is 174857 even?
False
Is 28781097 a multiple of 650?
False
Is 125952421 a multiple of 25?
False
Is 1175201615 a multiple of 1736?
False
Is 1414 a factor of 93575692?
True
Is 233 a factor of 22117539?
False
Is 32 a factor of 21543136?
True
Does 196 divide 19055512?
True
Does 9917 divide 173849524?
False
Does 105 divide 2368894084?
False
Is 69 a factor of 76134393?
True
Does 136 divide 2861490424?
False
Does 168 divide 458233440?
True
Is 713 a factor of 220225396?
False
Does 979 divide 39488944?
True
Is 49420212 a multiple of 419?
True
Does 3472 divide 692278232?
False
Is 6143726250 a multiple of 450?
True
Is 263800356 a multiple of 102?
True
Is 93 a factor of 309662751?
True
Does 488 divide 127314808?
True
Does 119 divide 43389423?
True
Is 4171540059 a multiple of 14?
False
Does 1515 divide 183733140?
True
Is 7 a factor of 68127348?
False
Is 82403229 a multiple of 315?
False
Is 15 a factor of 19856223?
False
Is 668 a factor of 208096028?
True
Does 40 divide 18299515?
False
Is 12 a factor of 32676444?
True
Is 194686096 a multiple of 4?
True
Is 5342981985 a multiple of 3113?
True
Does 59 divide 740104909?
True
Is 203 a factor of 7393347?
False
Is 284683056 a multiple of 12?
True
Is 18619776 a multiple of 896?
True
Is 76 a factor of 210751800?
True
Is 1726403724 a multiple of 4908?
True
Is 48064339 a multiple of 13?
False
Does 167 divide 234044703?
False
Does 1763 divide 4129905?
False
Is 91633256 a multiple of 1384?
True
Is 43619301 a multiple of 11?
True
Does 49 divide 47065125?
False
Is 139 a factor of 2497536154?
True
Does 14 divide 21126423?
False
Does 58 divide 361800226?
False
Is 77 a factor of 1650739321?
True
Is 167 a factor of 762229882?
False
Is 429 a factor of 42153103?
False
Is 7 a factor of 904755842?
False
Does 30 divide 335882788?
False
Is 202 a factor of 350498684?
True
Does 121 divide 927744?
False
Is 142851547 a multiple of 95?
False
Is 28 a factor of 360717420?
True
Is 2419517440 a multiple of 32?
True
Is 637243605 a multiple of 27?
True
Is 901066775 a multiple of 35?
True
Does 43 divide 257326209?
False
Does 2258 divide 204245132?
True
Is 19635881 a multiple of 309?
False
Does 235 divide 22641396?
False
Does 851 divide 15575853?
True
Is 137803380 a multiple of 130?
True
Does 30 divide 848776210?
False
Is 9037172 a multiple of 6?
False
Does 422 divide 15019538?
False
Is 1769472031 a multiple of 271?
False
Does 579 divide 13417332?
False
Is 2860 a factor of 1338325371?
False
Does 232 divide 37635736?
True
Is 26 a factor of 66744376?
False
Does 2166 divide 110223408?
True
Is 24 a factor of 62393425?
False
Is 31 a factor of 7670082?
True
Is 67 a factor of 4153292?
False
Does 762 divide 14379895?
False
Is 641 a factor of 333055734?
False
Does 639 divide 4340112?
False
Does 44 divide 761816660?
True
Is 82111343 a multiple of 53?
False
Is 97418490 a multiple of 1707?
True
Is 90 a factor of 22535190?
True
Is 40421547 a multiple of 80?
False
Does 237 divide 141701115?
True
Does 3402 divide 893443446?
True
Is 1161511 a multiple of 26?
False
Does 1966 divide 298963722?
True
Is 21675318 a multiple of 1918?
True
Is 16 a factor of 2368291328?
True
Is 1258 a factor of 2090298604?
False
Is 4427800 a multiple of 325?
True
Is 946 a factor of 4836365402?
True
Is 7 a factor of 9011100?
True
Does 17 divide 6985555?
True
Is 5 a factor of 102228025?
True
Is 95607868 a multiple of 12?
False
Is 74629239 a multiple of 417?
True
Is 4843 a factor of 183530328?
True
Is 109079339 a multiple of 723?
False
Is 2114 a factor of 28471352?
True
Is 679 a factor of 40643582?
True
Does 9 divide 453080529?
True
Does 111 divide 48382805?
False
Is 62 a factor of 19123182?
False
Does 5897 divide 785376421?
False
Does 1156 divide 43412268?
False
Is 21374012 a multiple of 324?
False
Is 39981181 a multiple of 113?
False
Is 31191427 a multiple of 52?
False
Is 47 a factor of 64143425?
False
Does 6 divide 2900070?
True
Does 5 divide 333977565?
True
Is 28188200 a multiple of 97?
True
Is 40 a factor of 17419840?
True
Is 22568274 a multiple of 14?
False
Is 325 a factor of 3524175?
False
Is 10 a factor of 8070980?
True
Does 8 divide 11537386?
False
Is 5 a factor of 55068825?
True
Is 181119217 a multiple of 467?
False
Is 86245788 a multiple of 57?
True
Does 8694 divide 291031650?
True
Does 1533 divide 119239582?
False
Does 1921 divide 47039527?
True
Does 10 divide 9279869?
False
Is 1644650622 a multiple of 2922?
True
Is 158597938 a multiple of 26?
False
Does 49 divide 386232598?
False
Does 7 divide 246486250?
False
Is 16730818 a multiple of 3?
False
Is 27738974 a multiple of 38?
True
Does 16 divide 5413198320?
True
Is 264 a factor of 267666815?
False
Is 5420404 a multiple of 224?
False
Is 4358358101 a multiple of 25?
False
Does 17 divide 1068957535?
True
Is 40 a factor of 25634631?
False
Is 960238976 a multiple of 500?
False
Is 171752224 a multiple of 272?
True
Is 311378511 a multiple of 13?
False
Does 22 divide 36585384?
True
Is 24 a factor of 82470155?
False
Is 251 a factor of 11199620?
True
Is 22420851 a multiple of 421?
False
Does 109 divide 126681449?
False
Is 827741881 a multiple of 1009?
False
Is 30832148 a multiple of 661?
False
Is 9 a factor of 2414667?
False
Does 163 divide 100226?
False
Does 5 divide 74656879?
False
Does 20 divide 522711823?
False
Is 11 a factor of 298169796?
False
Does 16 divide 9290976?
Tru